uppose 0 = t + z + z + 6, 2*t + 5*z + 15 = 0. Suppose t = 5*i - 6 + 1. What is the greatest common divisor of i and 7?
1
Let y be (-2)/8 + 2/8. Suppose 0 = -y*v - 3*v + 6. Let i be ((-4)/5)/(2/(-40)). What is the highest common divisor of i and v?
2
Suppose -4*x = v - 10, -x + 15 + 4 = 3*v. Suppose -5 - 15 = -5*g. Let r be (1 + -13)*g/(-12). What is the greatest common divisor of r and v?
2
Let u(f) = 32*f**3 - 2*f**2 + 1. Let g be u(-1). Let k be (-12)/(-1*(-6)/g). What is the highest common divisor of k and 11?
11
Let t = 17 - -34. What is the highest common factor of t and 34?
17
Suppose -5*v + 85 = -s, -4*v - 4*s + 6*s = -74. What is the greatest common factor of v and 8?
8
Let h be (-5 - -2) + (31 - 0). Suppose -2*p = 3*j - 19, 0 = p + 3*j - 4 - 1. Calculate the highest common divisor of h and p.
14
Let b(o) = -o**2 - o + 168. Let w be b(0). Let n = w + -109. Let a = n + -32. Calculate the highest common factor of 9 and a.
9
Let j(k) = 4*k - 1. Suppose 4*h - 1 = 11. Let q be j(h). Calculate the highest common factor of 11 and q.
11
Let o be 4 + 4/((-4)/(-9)). Suppose 3*z - 8 - 358 = 5*a, a = -2*z + 231. What is the greatest common divisor of z and o?
13
Suppose -2*c + 3*c - 4 = 0. Suppose 0*p = c*p, -p = -z + 60. What is the greatest common factor of z and 24?
12
Let a(s) = s**2 - 11*s + 9. Let c be a(11). What is the greatest common divisor of c and 6?
3
Suppose 0 = -2*m - 6 - 0, 3*h - 4*m - 306 = 0. Suppose 5*q + 13 = h. Calculate the greatest common factor of 187 and q.
17
Let t be ((-20)/(-3))/((-2)/6). Let q be (10/3 - 2)/((-2)/30). Let i be q/1*24/t. Calculate the highest common factor of 8 and i.
8
Suppose -k - v = -0*k - 84, -332 = -4*k - 5*v. Calculate the highest common factor of k and 22.
22
Let v(i) = -i**3 + 2*i**2 + 5. Let g be v(0). Calculate the greatest common factor of g and 1.
1
Suppose -30 = -6*b + 3*b. Let t(d) = d**3 - 11*d**2 + 11*d - 4. Let m be t(b). Suppose 3*o - m*o + 18 = 0. What is the greatest common divisor of 2 and o?
2
Let x be 0 + 1 + 22/2. Suppose -19 - 1 = -4*k - j, -3*k + 3*j = 0. Suppose 39 = k*o + 7. What is the highest common factor of x and o?
4
Let b = 126 + -88. Let a = 59 - b. What is the greatest common divisor of a and 42?
21
Suppose 236 = 7*o + 26. Calculate the highest common factor of 15 and o.
15
Suppose 5*s - r - 12 = -4*r, 4*s + 8 = 2*r. Let w(p) = -p + p**3 + p - 4 + s*p + 5*p**2 + p. Let c be w(-4). Calculate the greatest common factor of c and 56.
8
Suppose -2*r = -12 + 30. Let l be (5 + -3)*r/(-1). What is the highest common divisor of l and 12?
6
Let v = 65 + 214. What is the greatest common divisor of v and 31?
31
Suppose y - 9 = -2*y. Let k(o) = -o**2 - 5*o + 4. Let m be k(-5). Suppose 7 = 5*f - m*f - j, -y*j = -f - 3. What is the highest common factor of f and 6?
6
Let i = 47 - 25. What is the highest common divisor of i and 88?
22
Let h(i) = 4*i**3 - 4*i**2 + 2*i. Suppose -5*n + 4 = -6. Let k be h(n). Calculate the highest common divisor of 20 and k.
20
Suppose 9*g = 18*g - 630. Calculate the greatest common factor of 20 and g.
10
Let j(c) = c**3 + 11*c**2 - 7*c - 7. Let v be j(-11). Let i = 43 + -15. What is the greatest common factor of v and i?
14
Let j(b) = 11*b. Let x be j(3). Calculate the highest common divisor of 11 and x.
11
Let p(y) = -y**2 + 8*y - 5. Let z be p(7). Suppose 3 - 9 = -z*d. Calculate the highest common divisor of 12 and d.
3
Suppose -83 = -2*g + 5. Calculate the highest common divisor of 11 and g.
11
Let x = -1929 - -1205. Let m be x/(-6) + (-1)/(-3). Suppose y + 46 = 4*k, 2*k + 2*y - 3*y = 24. Calculate the highest common divisor of k and m.
11
Let x be (-115)/(-25) - 2/(-5). Let h(m) = 2*m**3 - 7*m**2 - 2*m - 1. Let n be h(x). Calculate the highest common factor of n and 8.
8
Let c = -2 - -1. Let t(k) = 52*k. Let d be t(c). Let v = d + 84. Calculate the highest common divisor of v and 8.
8
Suppose 3*a = -3*w + w + 29, -20 = -5*w + 3*a. Suppose 0 = -2*n + 29 - w. Let r be -6*(1*22)/(-2). Calculate the highest common divisor of n and r.
11
Let z = 80 - 0. Suppose 0 = -3*p + 26 + 22. Calculate the greatest common factor of z and p.
16
Let f = 42 - 6. Calculate the highest common factor of 54 and f.
18
Let n(z) = z**2 + 6*z + 10. Let p be n(-4). Calculate the greatest common factor of p and 3.
1
Let n = 202 + -133. What is the highest common divisor of n and 23?
23
Let w be (-78)/(-9) - 1/(-3). Calculate the highest common divisor of w and 72.
9
Let i(a) = a**2 - 7*a + 7. Let t = 11 + -5. Let s be i(t). What is the greatest common factor of s and 1?
1
Let a = 20 + -7. What is the greatest common factor of 143 and a?
13
Suppose -153 = -3*d + 3*h, -5*d + 5*h = 4*h - 251. Calculate the highest common factor of d and 20.
10
Suppose -11 - 1 = -2*o. What is the highest common divisor of 30 and o?
6
Suppose -7*k = 5*x - 3*k - 34, 0 = 4*x - 4*k - 56. Let m(l) = l**3 - 6*l**2 + 8*l - 5. Let i be m(5). What is the greatest common divisor of i and x?
10
Suppose -p + 9 = 2. Suppose 3*n = -2*n + 140. Suppose -n = -l - 3*l. What is the highest common divisor of p and l?
7
Let n = -1 - -1. Let j be 1 - (3 + n + -3). Let m be (-60)/(-14) - 4/14. What is the highest common factor of m and j?
1
Let l be 47 - ((1 - -4) + -2). What is the highest common factor of l and 66?
22
Let a be (-44)/(-2) - 1/1. Calculate the greatest common factor of 14 and a.
7
Let i be 2/5 - 464/(-40). Let c(f) = f**2 - 6*f + 3. Let w be c(6). Calculate the greatest common divisor of i and w.
3
Suppose 9 = -3*u - 4*n + n, 5*u = -3*n - 5. Calculate the greatest common divisor of 8 and u.
2
Suppose 3*l = 5*l - 8. Suppose 27 = 4*s + 7. Suppose 0 = -s*d + d - 3*n + 97, 89 = 3*d - n. Calculate the highest common divisor of l and d.
4
Let h(g) = -2*g - 1. Let c be h(-2). Let i be 6/2*2/c. Calculate the highest common divisor of 22 and i.
2
Let i = -31 - -45. Let o = i + -12. What is the greatest common divisor of o and 10?
2
Let t(a) = a + 25. Let f be t(10). Suppose -4*j + 7 = -g - 6*j, -g = -3*j + 7. Let v be (0 + g)*(0 + -1). What is the greatest common factor of v and f?
7
Let j be (-838)/(-7) + (-2)/(-7). Let h = j - 65. Suppose -4*r + 18 = -2*x - 64, 4*r - 79 = 3*x. What is the greatest common divisor of h and r?
11
Let y be 1/(-2) + (-25)/(-10). Let i be ((-8)/y)/(-3 - -1). Let m = 14 + -8. What is the greatest common divisor of i and m?
2
Let x = 4 + -2. Let u(z) = 71*z**2 + 3*z - 2. Let j be u(x). What is the greatest common factor of j and 32?
32
Let h = 24 + -12. Calculate the greatest common divisor of h and 108.
12
Suppose 30*z = 27*z + 36. What is the greatest common factor of 3 and z?
3
Let m(s) = s**3 - 2*s**2 + 2*s - 6. Let h be m(3). Calculate the greatest common factor of 45 and h.
9
Let b(f) = f**3 - 5*f**2 + 5*f + 2. Suppose 4*o - 7 = 4*w + 3*o, -1 = o. Let v be ((-8)/3)/(w/3). Let h be b(v). What is the highest common divisor of h and 12?
6
Let s(h) = h + 11. Let z be s(-9). Let w be ((-2)/(-1))/(12/(-18)). Let r be z/(-6)*w + 1. Calculate the greatest common factor of r and 2.
2
Let j = 2 + 0. What is the highest common factor of 14 and j?
2
Let y = -25 + 35. Calculate the highest common factor of y and 2.
2
Let c(j) = -6*j + 1. Let k be c(-1). Suppose 1 + 6 = g. What is the greatest common divisor of g and k?
7
Suppose -18*j = -22*j + 252. What is the greatest common divisor of 9 and j?
9
Suppose -w + 56 = 3*w. Let m be 339/6 + 1/(-2). Calculate the highest common factor of m and w.
14
Let x = -94 + 134. Calculate the highest common factor of 100 and x.
20
Let g = 9 - 6. Let u(t) = -t**2 - 9*t + 3. Let i be u(-6). Calculate the greatest common factor of i and g.
3
Suppose 5*f - 19 = y + y, 4*y = -5*f + 37. Suppose 0 = -y*m - 0 + 12. What is the highest common factor of 2 and m?
2
Suppose 4*t + 0*t - 80 = 0. Suppose -2*x - x + 27 = 5*k, -5*k - 4*x = -31. Suppose h - t = -k*h. Calculate the highest common factor of h and 40.
5
Let q = -32 - -60. Calculate the highest common factor of q and 4.
4
Let a be (7 - 8)*(1 + -33). What is the greatest common divisor of 4 and a?
4
Suppose -y = -5*y + 60. Let w be (-4)/6*(-9 - 171). Calculate the highest common factor of w and y.
15
Suppose 4*o - 68 = 4*k, k + 3*o + 1 = -0*o. Let r = k + 31. Let i be (r/(-6))/(6/(-26)). What is the greatest